{"id":493,"date":"2016-04-20T13:41:26","date_gmt":"2016-04-20T13:41:26","guid":{"rendered":"http:\/\/commissietoezichtarrestantenzorg.wordpress.suares.com\/pa\/rapportages\/"},"modified":"2017-07-11T19:48:11","modified_gmt":"2017-07-11T19:48:11","slug":"rapportages","status":"publish","type":"page","link":"https:\/\/toezichtarrestantenzorg.cw\/pa\/rapportages\/","title":{"rendered":"Relato"},"content":{"rendered":"<p>[et_pb_section admin_label=&#8221;section&#8221; background_color=&#8221;#c9e4ed&#8221; inner_shadow=&#8221;off&#8221; parallax=&#8221;off&#8221; module_class=&#8221;row1-commissie&#8221; transparent_background=&#8221;off&#8221; allow_player_pause=&#8221;off&#8221; parallax_method=&#8221;off&#8221; padding_mobile=&#8221;off&#8221; make_fullwidth=&#8221;off&#8221; use_custom_width=&#8221;off&#8221; width_unit=&#8221;on&#8221; make_equal=&#8221;off&#8221; use_custom_gutter=&#8221;off&#8221;][et_pb_row admin_label=&#8221;Row&#8221;][et_pb_column type=&#8221;4_4&#8243;][et_pb_text admin_label=&#8221;Taalkeuze-mobiel&#8221; background_layout=&#8221;light&#8221; text_orientation=&#8221;left&#8221; module_id=&#8221;naw-mobile&#8221; disabled=&#8221;off&#8221; disabled_on=&#8221;||on&#8221; use_border_color=&#8221;off&#8221; border_color=&#8221;#ffffff&#8221; border_style=&#8221;solid&#8221;]<\/p>\n<div style=\"text-align: center!important\"><a id=\"nld\" href=\"\/rapportages\">NLD<\/a><a id=\"pap\" href=\"\/pa\/rapportages\">PAP<\/a><a id=\"esp\" href=\"\/es\/rapportages\">ESP<\/a><a id=\"eng\" href=\"\/en\/rapportages\">ENG<\/a><\/div>\n<p>[\/et_pb_text][\/et_pb_column][\/et_pb_row][et_pb_row admin_label=&#8221;row&#8221;][et_pb_column type=&#8221;2_3&#8243;][et_pb_text admin_label=&#8221;Text&#8221; background_layout=&#8221;light&#8221; text_orientation=&#8221;left&#8221; module_id=&#8221;pa&#8221; use_border_color=&#8221;off&#8221; border_color=&#8221;#ffffff&#8221; border_style=&#8221;solid&#8221;]<\/p>\n<h1>Relato di komishon<\/h1>\n<p>Un di e tareanan di CTA CW ta pa peri\u00f3dikamente traha relatonan pa Minister di Hustisia.<\/p>\n<h4>Relato kada kuartal<\/h4>\n<p>Kada kuartal komishon ta relat\u00e1 tokante e avanse den nan trabou, na Minister di Hustisia.<\/p>\n<h4>Relato di Inspekshon<\/h4>\n<p>Despues di kada inspekshon, komishon ta traha relato di e resultado, konklushonnan i rekomendashonnan.<br \/>\nDen e relato aki ta mustra si e kuido na esnan ser\u00e1 ta kumpli ku e kriterionan stipul\u00e1 \u00f2f ku ainda tin sierto aspekto ku no ta kumpli ku e norma.<\/p>\n<h4>Relato di keho<\/h4>\n<p>Despues di tratamentu di un keho,komishon ta traha un relato ku ta konten\u00e9 lokual ku a keda konstat\u00e1 i e opinion di komishon respekto e keho. Tambe komishon lo propon\u00e9 medidanan ku por tuma pa remedi\u00e1 e iregularidat.<\/p>\n<h3>Publikashon di relatonan<\/h3>\n<p>Lo publik\u00e1 e diferente relatonan despues di un sierto periodo i kaminda ta nesesario den forma an\u00f3nimo riba e w\u00e8psait di CTA CW<\/p>\n<p>Riba e pagin\u00e1 aki por baha e relatonan ku ya ta aksesibel pa p\u00fabliko.<\/p>\n<p>[\/et_pb_text][et_pb_text admin_label=&#8221;Downloads&#8221; background_layout=&#8221;light&#8221; text_orientation=&#8221;left&#8221; module_id=&#8221;pa2&#8243; disabled=&#8221;off&#8221; disabled_on=&#8221;off|off|off&#8221; use_border_color=&#8221;off&#8221; border_color=&#8221;#ffffff&#8221; border_style=&#8221;solid&#8221;]<\/p>\n<ul>\n<li><a href=\"\/wp-content\/uploads\/sites\/16\/2016\/04\/Model_Inspectieverslag-def-16aug16-CTA-CW-1.pdf\">Model Inspectieverslag CTA CW<\/a><\/li>\n<li><a href=\"https:\/\/www.toezichtarrestantenzorg.cw\/wp-content\/uploads\/sites\/16\/2016\/04\/Inspectierapport-Politiecellen-BARBER__20160916.pdf\">Inspectierapport Politiecellen BARBER__20160916<\/a><\/li>\n<li><a href=\"https:\/\/www.toezichtarrestantenzorg.cw\/wp-content\/uploads\/sites\/16\/2016\/04\/Inspectierapport-VREEMDELINGENBARAKKEN_20161028.pdf\">Inspectierapport VREEMDELINGENBARAKKEN_20161028<\/a><\/li>\n<li><a href=\"https:\/\/www.toezichtarrestantenzorg.cw\/wp-content\/uploads\/sites\/16\/2016\/04\/Inspectierapport-HUISBLOK1_20161108.pdf\">Inspectierapport HUISBLOK1_20161108<\/a><\/li>\n<\/ul>\n<p>[\/et_pb_text][et_pb_text admin_label=&#8221;Downloads&#8221; background_layout=&#8221;light&#8221; text_orientation=&#8221;left&#8221; module_id=&#8221;pa2&#8243; disabled=&#8221;on&#8221; disabled_on=&#8221;on|on|on&#8221; use_border_color=&#8221;off&#8221; border_color=&#8221;#ffffff&#8221; border_style=&#8221;solid&#8221;]<\/p>\n<h2>Relato<\/h2>\n<ul>\n<li><a href=\"\/wp-content\/uploads\/sites\/16\/2016\/04\/test.pdf\" rel=\"\">rapportage 1<\/a><\/li>\n<li><a href=\"\/wp-content\/uploads\/sites\/16\/2016\/04\/test.pdf\" rel=\"\">rapportage 2<\/a><\/li>\n<li><a href=\"\/wp-content\/uploads\/sites\/16\/2016\/04\/test.pdf\" rel=\"\">rapportage 3<\/a><\/li>\n<\/ul>\n<p>[\/et_pb_text][et_pb_text admin_label=&#8221;niet aanpassen&#8221; background_layout=&#8221;light&#8221; text_orientation=&#8221;left&#8221; use_border_color=&#8221;off&#8221; border_color=&#8221;#ffffff&#8221; border_style=&#8221;solid&#8221; module_id=&#8221;copyright&#8221; disabled=&#8221;off&#8221; disabled_on=&#8221;on|on|&#8221;]<\/p>\n<p style=\"text-align: justify\">2016 \u00a9 CTA-CW <img loading=\"lazy\" decoding=\"async\" class=\"alignnone wp-image-98\" src=\"\/wp-content\/uploads\/sites\/16\/2016\/04\/bullet-1.png\" alt=\"bullet\" width=\"9\" height=\"11\" \/> <a href=\"\/pa\/sitemap\/\">Sitemap<\/a><\/p>\n<p>[\/et_pb_text][\/et_pb_column][et_pb_column type=&#8221;1_3&#8243;][et_pb_image admin_label=&#8221;logo&#8221; src=&#8221;\/wp-content\/uploads\/sites\/16\/2016\/05\/Logo_Arrestantenzorg.jpg&#8221; url_new_window=&#8221;off&#8221; animation=&#8221;off&#8221; module_id=&#8221;plaatje&#8221; show_in_lightbox=&#8221;off&#8221; use_overlay=&#8221;off&#8221; sticky=&#8221;off&#8221; align=&#8221;left&#8221; force_fullwidth=&#8221;off&#8221; always_center_on_mobile=&#8221;on&#8221; use_border_color=&#8221;off&#8221; border_color=&#8221;#ffffff&#8221; border_style=&#8221;solid&#8221; disabled=&#8221;off&#8221; disabled_on=&#8221;on|on|off&#8221;] [\/et_pb_image][et_pb_text admin_label=&#8221;Taalkeuze-desktop&#8221; background_layout=&#8221;light&#8221; text_orientation=&#8221;left&#8221; module_id=&#8221;naw&#8221; disabled=&#8221;off&#8221; disabled_on=&#8221;on|on|&#8221; use_border_color=&#8221;off&#8221; border_color=&#8221;#ffffff&#8221; border_style=&#8221;solid&#8221;]<\/p>\n<div style=\"text-align: center!important\"><a id=\"nld\" href=\"\/rapportages\">NLD<\/a><a id=\"pap\" href=\"\/pa\/rapportages\">PAP<\/a><a id=\"esp\" href=\"\/es\/rapportages\">ESP<\/a><a id=\"eng\" href=\"\/en\/rapportages\">ENG<\/a><\/div>\n<p>[\/et_pb_text][et_pb_image admin_label=&#8221;image&#8221; src=&#8221;\/wp-content\/uploads\/sites\/16\/2016\/04\/phone-2.png&#8221; url_new_window=&#8221;off&#8221; animation=&#8221;off&#8221; module_id=&#8221;plaatje&#8221; show_in_lightbox=&#8221;off&#8221; use_overlay=&#8221;off&#8221; sticky=&#8221;off&#8221; align=&#8221;left&#8221; force_fullwidth=&#8221;off&#8221; always_center_on_mobile=&#8221;on&#8221; use_border_color=&#8221;off&#8221; border_color=&#8221;#ffffff&#8221; border_style=&#8221;solid&#8221; disabled=&#8221;off&#8221; disabled_on=&#8221;||off&#8221;] [\/et_pb_image][et_pb_cta admin_label=&#8221;download&#8221; button_url=&#8221;\/pa\/regelgeving&#8221; button_text=&#8221;Mas informashon&#8221; background_color=&#8221;#7387a9&#8243; use_background_color=&#8221;on&#8221; background_layout=&#8221;dark&#8221; text_orientation=&#8221;center&#8221; module_id=&#8221;flyer&#8221; url_new_window=&#8221;off&#8221; use_border_color=&#8221;off&#8221; border_color=&#8221;#ffffff&#8221; border_style=&#8221;solid&#8221; custom_button=&#8221;off&#8221; button_letter_spacing=&#8221;0&#8243; button_use_icon=&#8221;default&#8221; button_icon_placement=&#8221;right&#8221; button_on_hover=&#8221;on&#8221; button_letter_spacing_hover=&#8221;0&#8243;]<\/p>\n<p style=\"text-align: center\"><a href=\"\/wp-content\/uploads\/sites\/16\/2016\/07\/2249_MinJus_Arrestantenzorg_Folder_A4.pdf\" target=\"_blank\" rel=\"noopener\"><img loading=\"lazy\" decoding=\"async\" class=\"wp-image-308 aligncenter\" src=\"\/wp-content\/uploads\/sites\/16\/2016\/07\/Brochure-CTA-CW-7jul16.jpg\" alt=\"Brochure CTA-CW 7jul16\" width=\"94\" height=\"134\" \/><\/a> <a href=\"\/wp-content\/uploads\/sites\/16\/2016\/07\/2249_MinJus_Arrestantenzorg_Folder_A4.pdf\" target=\"_blank\" rel=\"noopener\">Download foyeto<\/a><\/p>\n<p>[\/et_pb_cta][et_pb_text admin_label=&#8221;niet aanpassen&#8221; background_layout=&#8221;light&#8221; text_orientation=&#8221;left&#8221; use_border_color=&#8221;off&#8221; border_color=&#8221;#ffffff&#8221; border_style=&#8221;solid&#8221; module_id=&#8221;copyright&#8221; disabled=&#8221;off&#8221; disabled_on=&#8221;||on&#8221;]<\/p>\n<p style=\"text-align: justify\">2016 \u00a9 CTA-CW <img loading=\"lazy\" decoding=\"async\" class=\"alignnone wp-image-98\" src=\"\/wp-content\/uploads\/sites\/16\/2016\/04\/bullet-1.png\" alt=\"bullet\" width=\"9\" height=\"11\" \/> <a href=\"\/pa\/sitemap\/\">Sitemap<\/a><\/p>\n<p>[\/et_pb_text][\/et_pb_column][\/et_pb_row][\/et_pb_section]<\/p>\n","protected":false},"excerpt":{"rendered":"<p>NLDPAPESPENG Relato di komishon Un di e tareanan di CTA CW ta pa peri\u00f3dikamente traha relatonan pa Minister di Hustisia. Relato kada kuartal Kada kuartal komishon ta relat\u00e1 tokante e avanse den nan trabou, na Minister di Hustisia. Relato di Inspekshon Despues di kada inspekshon, komishon ta traha relato di e resultado, konklushonnan i rekomendashonnan. [&hellip;]<\/p>\n","protected":false},"author":6,"featured_media":0,"parent":0,"menu_order":500,"comment_status":"closed","ping_status":"closed","template":"","meta":{"_et_pb_use_builder":"on","_et_pb_old_content":"","_et_gb_content_width":"","footnotes":""},"class_list":["post-493","page","type-page","status-publish","hentry"],"_links":{"self":[{"href":"https:\/\/toezichtarrestantenzorg.cw\/pa\/wp-json\/wp\/v2\/pages\/493","targetHints":{"allow":["GET"]}}],"collection":[{"href":"https:\/\/toezichtarrestantenzorg.cw\/pa\/wp-json\/wp\/v2\/pages"}],"about":[{"href":"https:\/\/toezichtarrestantenzorg.cw\/pa\/wp-json\/wp\/v2\/types\/page"}],"author":[{"embeddable":true,"href":"https:\/\/toezichtarrestantenzorg.cw\/pa\/wp-json\/wp\/v2\/users\/6"}],"replies":[{"embeddable":true,"href":"https:\/\/toezichtarrestantenzorg.cw\/pa\/wp-json\/wp\/v2\/comments?post=493"}],"version-history":[{"count":0,"href":"https:\/\/toezichtarrestantenzorg.cw\/pa\/wp-json\/wp\/v2\/pages\/493\/revisions"}],"wp:attachment":[{"href":"https:\/\/toezichtarrestantenzorg.cw\/pa\/wp-json\/wp\/v2\/media?parent=493"}],"curies":[{"name":"wp","href":"https:\/\/api.w.org\/{rel}","templated":true}]}}

<p>[et_pb_section admin_label=&#8221;section&#8221; background_color=&#8221;#c9e4ed&#8221; inner_shadow=&#8221;off&#8221; parallax=&#8221;off&#8221; module_class=&#8221;row1-commissie&#8221; transparent_background=&#8221;off&#8221; allow_player_pause=&#8221;off&#8221; parallax_method=&#8221;off&#8221; padding_mobile=&#8221;off&#8221; make_fullwidth=&#8221;off&#8221; use_custom_width=&#8221;off&#8221; width_unit=&#8221;on&#8221; make_equal=&#8221;off&#8221; use_custom_gutter=&#8221;off&#8221;][et_pb_row admin_label=&#8221;Row&#8221;][et_pb_column type=&#8221;4_4&#8243;][et_pb_text admin_label=&#8221;Taalkeuze-mobiel&#8221; background_layout=&#8221;light&#8221; text_orientation=&#8221;left&#8221; module_id=&#8221;naw-mobile&#8221; disabled=&#8221;off&#8221; disabled_on=&#8221;||on&#8221; use_border_color=&#8221;off&#8221; border_color=&#8221;#ffffff&#8221; border_style=&#8221;solid&#8221;]</p>
<div style="text-align: center!important"><a id="nld" href="/rapportages">NLD</a><a id="pap" href="/pa/rapportages">PAP</a><a id="esp" href="/es/rapportages">ESP</a><a id="eng" href="/en/rapportages">ENG</a></div>
<p>[/et_pb_text][/et_pb_column][/et_pb_row][et_pb_row admin_label=&#8221;row&#8221;][et_pb_column type=&#8221;2_3&#8243;][et_pb_text admin_label=&#8221;Text&#8221; background_layout=&#8221;light&#8221; text_orientation=&#8221;left&#8221; module_id=&#8221;pa&#8221; use_border_color=&#8221;off&#8221; border_color=&#8221;#ffffff&#8221; border_style=&#8221;solid&#8221;]</p>
<h1>Relato di komishon</h1>
<p>Un di e tareanan di CTA CW ta pa periódikamente traha relatonan pa Minister di Hustisia.</p>
<h4>Relato kada kuartal</h4>
<p>Kada kuartal komishon ta relatá tokante e avanse den nan trabou, na Minister di Hustisia.</p>
<h4>Relato di Inspekshon</h4>
<p>Despues di kada inspekshon, komishon ta traha relato di e resultado, konklushonnan i rekomendashonnan.<br />
Den e relato aki ta mustra si e kuido na esnan será ta kumpli ku e kriterionan stipulá òf ku ainda tin sierto aspekto ku no ta kumpli ku e norma.</p>
<h4>Relato di keho</h4>
<p>Despues di tratamentu di un keho,komishon ta traha un relato ku ta kontené lokual ku a keda konstatá i e opinion di komishon respekto e keho. Tambe komishon lo proponé medidanan ku por tuma pa remediá e iregularidat.</p>
<h3>Publikashon di relatonan</h3>
<p>Lo publiká e diferente relatonan despues di un sierto periodo i kaminda ta nesesario den forma anónimo riba e wèpsait di CTA CW</p>
<p>Riba e paginá aki por baha e relatonan ku ya ta aksesibel pa públiko.</p>
<p>[/et_pb_text][et_pb_text admin_label=&#8221;Downloads&#8221; background_layout=&#8221;light&#8221; text_orientation=&#8221;left&#8221; module_id=&#8221;pa2&#8243; disabled=&#8221;off&#8221; disabled_on=&#8221;off|off|off&#8221; use_border_color=&#8221;off&#8221; border_color=&#8221;#ffffff&#8221; border_style=&#8221;solid&#8221;]</p>
<ul>
<li><a href="/wp-content/uploads/sites/16/2016/04/Model_Inspectieverslag-def-16aug16-CTA-CW-1.pdf">Model Inspectieverslag CTA CW</a></li>
<li><a href="https://www.toezichtarrestantenzorg.cw/wp-content/uploads/sites/16/2016/04/Inspectierapport-Politiecellen-BARBER__20160916.pdf">Inspectierapport Politiecellen BARBER__20160916</a></li>
<li><a href="https://www.toezichtarrestantenzorg.cw/wp-content/uploads/sites/16/2016/04/Inspectierapport-VREEMDELINGENBARAKKEN_20161028.pdf">Inspectierapport VREEMDELINGENBARAKKEN_20161028</a></li>
<li><a href="https://www.toezichtarrestantenzorg.cw/wp-content/uploads/sites/16/2016/04/Inspectierapport-HUISBLOK1_20161108.pdf">Inspectierapport HUISBLOK1_20161108</a></li>
</ul>
<p>[/et_pb_text][et_pb_text admin_label=&#8221;Downloads&#8221; background_layout=&#8221;light&#8221; text_orientation=&#8221;left&#8221; module_id=&#8221;pa2&#8243; disabled=&#8221;on&#8221; disabled_on=&#8221;on|on|on&#8221; use_border_color=&#8221;off&#8221; border_color=&#8221;#ffffff&#8221; border_style=&#8221;solid&#8221;]</p>
<h2>Relato</h2>
<ul>
<li><a href="/wp-content/uploads/sites/16/2016/04/test.pdf" rel="">rapportage 1</a></li>
<li><a href="/wp-content/uploads/sites/16/2016/04/test.pdf" rel="">rapportage 2</a></li>
<li><a href="/wp-content/uploads/sites/16/2016/04/test.pdf" rel="">rapportage 3</a></li>
</ul>
<p>[/et_pb_text][et_pb_text admin_label=&#8221;niet aanpassen&#8221; background_layout=&#8221;light&#8221; text_orientation=&#8221;left&#8221; use_border_color=&#8221;off&#8221; border_color=&#8221;#ffffff&#8221; border_style=&#8221;solid&#8221; module_id=&#8221;copyright&#8221; disabled=&#8221;off&#8221; disabled_on=&#8221;on|on|&#8221;]</p>
<p style="text-align: justify">2016 © CTA-CW <img loading="lazy" decoding="async" class="alignnone wp-image-98" src="/wp-content/uploads/sites/16/2016/04/bullet-1.png" alt="bullet" width="9" height="11" /> <a href="/pa/sitemap/">Sitemap</a></p>
<p>[/et_pb_text][/et_pb_column][et_pb_column type=&#8221;1_3&#8243;][et_pb_image admin_label=&#8221;logo&#8221; src=&#8221;/wp-content/uploads/sites/16/2016/05/Logo_Arrestantenzorg.jpg&#8221; url_new_window=&#8221;off&#8221; animation=&#8221;off&#8221; module_id=&#8221;plaatje&#8221; show_in_lightbox=&#8221;off&#8221; use_overlay=&#8221;off&#8221; sticky=&#8221;off&#8221; align=&#8221;left&#8221; force_fullwidth=&#8221;off&#8221; always_center_on_mobile=&#8221;on&#8221; use_border_color=&#8221;off&#8221; border_color=&#8221;#ffffff&#8221; border_style=&#8221;solid&#8221; disabled=&#8221;off&#8221; disabled_on=&#8221;on|on|off&#8221;] [/et_pb_image][et_pb_text admin_label=&#8221;Taalkeuze-desktop&#8221; background_layout=&#8221;light&#8221; text_orientation=&#8221;left&#8221; module_id=&#8221;naw&#8221; disabled=&#8221;off&#8221; disabled_on=&#8221;on|on|&#8221; use_border_color=&#8221;off&#8221; border_color=&#8221;#ffffff&#8221; border_style=&#8221;solid&#8221;]</p>
<div style="text-align: center!important"><a id="nld" href="/rapportages">NLD</a><a id="pap" href="/pa/rapportages">PAP</a><a id="esp" href="/es/rapportages">ESP</a><a id="eng" href="/en/rapportages">ENG</a></div>
<p>[/et_pb_text][et_pb_image admin_label=&#8221;image&#8221; src=&#8221;/wp-content/uploads/sites/16/2016/04/phone-2.png&#8221; url_new_window=&#8221;off&#8221; animation=&#8221;off&#8221; module_id=&#8221;plaatje&#8221; show_in_lightbox=&#8221;off&#8221; use_overlay=&#8221;off&#8221; sticky=&#8221;off&#8221; align=&#8221;left&#8221; force_fullwidth=&#8221;off&#8221; always_center_on_mobile=&#8221;on&#8221; use_border_color=&#8221;off&#8221; border_color=&#8221;#ffffff&#8221; border_style=&#8221;solid&#8221; disabled=&#8221;off&#8221; disabled_on=&#8221;||off&#8221;] [/et_pb_image][et_pb_cta admin_label=&#8221;download&#8221; button_url=&#8221;/pa/regelgeving&#8221; button_text=&#8221;Mas informashon&#8221; background_color=&#8221;#7387a9&#8243; use_background_color=&#8221;on&#8221; background_layout=&#8221;dark&#8221; text_orientation=&#8221;center&#8221; module_id=&#8221;flyer&#8221; url_new_window=&#8221;off&#8221; use_border_color=&#8221;off&#8221; border_color=&#8221;#ffffff&#8221; border_style=&#8221;solid&#8221; custom_button=&#8221;off&#8221; button_letter_spacing=&#8221;0&#8243; button_use_icon=&#8221;default&#8221; button_icon_placement=&#8221;right&#8221; button_on_hover=&#8221;on&#8221; button_letter_spacing_hover=&#8221;0&#8243;]</p>
<p style="text-align: center"><a href="/wp-content/uploads/sites/16/2016/07/2249_MinJus_Arrestantenzorg_Folder_A4.pdf" target="_blank" rel="noopener"><img loading="lazy" decoding="async" class="wp-image-308 aligncenter" src="/wp-content/uploads/sites/16/2016/07/Brochure-CTA-CW-7jul16.jpg" alt="Brochure CTA-CW 7jul16" width="94" height="134" /></a> <a href="/wp-content/uploads/sites/16/2016/07/2249_MinJus_Arrestantenzorg_Folder_A4.pdf" target="_blank" rel="noopener">Download foyeto</a></p>
<p>[/et_pb_cta][et_pb_text admin_label=&#8221;niet aanpassen&#8221; background_layout=&#8221;light&#8221; text_orientation=&#8221;left&#8221; use_border_color=&#8221;off&#8221; border_color=&#8221;#ffffff&#8221; border_style=&#8221;solid&#8221; module_id=&#8221;copyright&#8221; disabled=&#8221;off&#8221; disabled_on=&#8221;||on&#8221;]</p>
<p style="text-align: justify">2016 © CTA-CW <img loading="lazy" decoding="async" class="alignnone wp-image-98" src="/wp-content/uploads/sites/16/2016/04/bullet-1.png" alt="bullet" width="9" height="11" /> <a href="/pa/sitemap/">Sitemap</a></p>
<p>[/et_pb_text][/et_pb_column][/et_pb_row][/et_pb_section]</p>

<p>NLDPAPESPENG Relato di komishon Un di e tareanan di CTA CW ta pa periódikamente traha relatonan pa Minister di Hustisia. Relato kada kuartal Kada kuartal komishon ta relatá tokante e avanse den nan trabou, na Minister di Hustisia. Relato di Inspekshon Despues di kada inspekshon, komishon ta traha relato di e resultado, konklushonnan i rekomendashonnan. [&hellip;]</p>
