{"id":480,"date":"2016-04-20T13:37:22","date_gmt":"2016-04-20T13:37:22","guid":{"rendered":"http:\/\/commissietoezichtarrestantenzorg.wordpress.suares.com\/pa\/commissie\/"},"modified":"2016-08-30T12:11:58","modified_gmt":"2016-08-30T12:11:58","slug":"commissie","status":"publish","type":"page","link":"https:\/\/toezichtarrestantenzorg.cw\/pa\/commissie\/","title":{"rendered":"Komishon"},"content":{"rendered":"<p>[et_pb_section admin_label=&#8221;section&#8221; background_color=&#8221;#c9e4ed&#8221; inner_shadow=&#8221;off&#8221; parallax=&#8221;off&#8221; module_class=&#8221;row1-commissie&#8221; transparent_background=&#8221;off&#8221; allow_player_pause=&#8221;off&#8221; parallax_method=&#8221;off&#8221; padding_mobile=&#8221;off&#8221; make_fullwidth=&#8221;off&#8221; use_custom_width=&#8221;off&#8221; width_unit=&#8221;on&#8221; make_equal=&#8221;off&#8221; use_custom_gutter=&#8221;off&#8221;][et_pb_row admin_label=&#8221;Row&#8221;][et_pb_column type=&#8221;4_4&#8243;][et_pb_text admin_label=&#8221;Taalkeuze-mobiel&#8221; background_layout=&#8221;light&#8221; text_orientation=&#8221;left&#8221; module_id=&#8221;naw-mobile&#8221; disabled=&#8221;off&#8221; disabled_on=&#8221;||on&#8221; use_border_color=&#8221;off&#8221; border_color=&#8221;#ffffff&#8221; border_style=&#8221;solid&#8221;]<\/p>\n<div style=\"text-align: center!important;\"><a id=\"nld\" href=\"\/commissie\/\">NLD<\/a><a id=\"pap\" href=\"\/pa\/commissie\/\">PAP<\/a><a id=\"esp\" href=\"\/es\/commissie\/\">ESP<\/a><a id=\"eng\" href=\"\/en\/commissie\/\">ENG<\/a><\/div>\n<p>[\/et_pb_text][\/et_pb_column][\/et_pb_row][et_pb_row admin_label=&#8221;row&#8221;][et_pb_column type=&#8221;2_3&#8243;][et_pb_text admin_label=&#8221;Basistekst&#8221; background_layout=&#8221;light&#8221; text_orientation=&#8221;left&#8221; module_id=&#8221;pa&#8221; use_border_color=&#8221;off&#8221; border_color=&#8221;#ffffff&#8221; border_style=&#8221;solid&#8221;]<\/p>\n<h1>Komishon Vigilansha riba kuido di arestado<\/h1>\n<p>Komishon &#8211; CTA CW &#8211; ta vigil\u00e1 si instansianan hudisial manera s\u00e8lnan di polis, baraknan pa ilegal i lug\u00e1nan di alohamentu pa h\u00f3ben i adikto, ta trata su residentenan ku ta ser\u00e1, korektamente.<br \/>\nSi esaki no ta e kaso, CTA CW lo m\u00e8ldu Minister di Hustisia p\u2019e por tuma medidanan di mehorashon.<br \/>\nAlabes e Komishon ta vigil\u00e1 si e medidanan ta keda ehekut\u00e1. CTA CW ta sigui den esaki norma i reglanan estrikto manera ta stipul\u00e1 den nos leinan lokal i den tratadonan internashonal.<br \/>\nCTA CW ta independiente. No por ehers\u00e9 influensia riba e komishon ni por strob\u2019e di ehers\u00e9 su tarea.<\/p>\n<p>E Komishon ta konsist\u00ed di:<\/p>\n<ul>\n<li>Se\u00f1or mr. F.M. Hanze (presidente)<\/li>\n<li>Se\u00f1or R.T. Meulens MBA<\/li>\n<li>Se\u00f1or ir. A.R.B. Troeman MBA<\/li>\n<li>Se\u00f1ora L.E. Tielen-Martes MSc ( sekretario)<\/li>\n<\/ul>\n<p>Nan ta nombr\u00e1 pa un periodo di 3 a\u00f1a i por keda nombr\u00e1 di nobo dor di Minister di Hustisia.<\/p>\n<p>[\/et_pb_text][et_pb_text admin_label=&#8221;Links&#8221; background_layout=&#8221;light&#8221; text_orientation=&#8221;left&#8221; module_id=&#8221;pa2&#8243; use_border_color=&#8221;off&#8221; border_color=&#8221;#ffffff&#8221; border_style=&#8221;solid&#8221;]<\/p>\n<h2>Dokumento<\/h2>\n<ul>\n<li><a href=\"\/wp-content\/uploads\/sites\/16\/2016\/04\/Landsbesluit-Monitoringscommissie_CommissieMonitoringEnToezichtPolitiecellenCuracao23jan1025_no14_3152.pdf\" target=\"_blank\">Landsbesluit Instelling Commissie<\/a><\/li>\n<li><a href=\"\/wp-content\/uploads\/sites\/16\/2016\/08\/Gedragscode-CTA-CW_0203161.pdf\" target=\"_blank\">Gedragscode<\/a><\/li>\n<li><a href=\"\/wp-content\/uploads\/sites\/16\/2016\/08\/Reglement-en-Werkwijze-CTA-CW-5jul161.pdf\" target=\"_blank\">Reglement en Werkwijze<\/a><\/li>\n<li><a href=\"\/wp-content\/uploads\/sites\/16\/2016\/07\/2249_MinJus_Arrestantenzorg_Folder_A4.pdf\" target=\"_blank\">Brochure<\/a><\/li>\n<\/ul>\n<h2>Links<\/h2>\n<p><a href=\"http:\/\/www.commissievantoezicht.nl\/\" target=\"_blank\">\u00a0 \u00a0 <\/a><a href=\"http:\/\/www.commissievantoezicht.nl\/\" target=\"_blank\"><img loading=\"lazy\" decoding=\"async\" class=\"alignnone wp-image-705\" src=\"\/wp-content\/uploads\/sites\/16\/2016\/04\/commissievantoezichtkenniscentrum.png\" alt=\"commissie van toezicht kenniscentrum\" width=\"300\" height=\"41\" srcset=\"https:\/\/toezichtarrestantenzorg.cw\/wp-content\/uploads\/sites\/16\/2016\/04\/commissievantoezichtkenniscentrum.png 440w, https:\/\/toezichtarrestantenzorg.cw\/wp-content\/uploads\/sites\/16\/2016\/04\/commissievantoezichtkenniscentrum-300x41.png 300w\" sizes=\"(max-width: 300px) 100vw, 300px\" \/><\/a><\/p>\n<p><a href=\"http:\/\/www.toezichtarrestantenzorg.nl\/\" target=\"_blank\"><img loading=\"lazy\" decoding=\"async\" class=\"alignnone wp-image-706\" src=\"\/wp-content\/uploads\/sites\/16\/2016\/04\/commissievantoezichtarrestantenzorg.png\" alt=\"commissievantoezichtarrestantenzorg\" width=\"300\" height=\"51\" srcset=\"https:\/\/toezichtarrestantenzorg.cw\/wp-content\/uploads\/sites\/16\/2016\/04\/commissievantoezichtarrestantenzorg.png 340w, https:\/\/toezichtarrestantenzorg.cw\/wp-content\/uploads\/sites\/16\/2016\/04\/commissievantoezichtarrestantenzorg-300x51.png 300w\" sizes=\"(max-width: 300px) 100vw, 300px\" \/><\/a><\/p>\n<p>[\/et_pb_text][et_pb_text admin_label=&#8221;niet aanpassen&#8221; background_layout=&#8221;light&#8221; text_orientation=&#8221;left&#8221; use_border_color=&#8221;off&#8221; border_color=&#8221;#ffffff&#8221; border_style=&#8221;solid&#8221; module_id=&#8221;copyright&#8221; disabled=&#8221;off&#8221; disabled_on=&#8221;on|on|&#8221;]<\/p>\n<p style=\"text-align: justify;\">2016 \u00a9 CTA-CW <img loading=\"lazy\" decoding=\"async\" class=\"alignnone wp-image-98\" src=\"\/wp-content\/uploads\/sites\/16\/2016\/04\/bullet-1.png\" alt=\"bullet\" width=\"9\" height=\"11\" \/> <a href=\"\/pa\/sitemap\/\">Sitemap<\/a><\/p>\n<p>[\/et_pb_text][\/et_pb_column][et_pb_column type=&#8221;1_3&#8243;][et_pb_image admin_label=&#8221;logo&#8221; src=&#8221;\/wp-content\/uploads\/sites\/16\/2016\/05\/Logo_Arrestantenzorg.jpg&#8221; url_new_window=&#8221;off&#8221; animation=&#8221;off&#8221; module_id=&#8221;plaatje&#8221; show_in_lightbox=&#8221;off&#8221; use_overlay=&#8221;off&#8221; sticky=&#8221;off&#8221; align=&#8221;left&#8221; force_fullwidth=&#8221;off&#8221; always_center_on_mobile=&#8221;on&#8221; use_border_color=&#8221;off&#8221; border_color=&#8221;#ffffff&#8221; border_style=&#8221;solid&#8221; disabled=&#8221;off&#8221; disabled_on=&#8221;on|on|off&#8221;] [\/et_pb_image][et_pb_text admin_label=&#8221;Taalkeuze-desktop&#8221; background_layout=&#8221;light&#8221; text_orientation=&#8221;left&#8221; module_id=&#8221;naw&#8221; disabled=&#8221;off&#8221; disabled_on=&#8221;on|on|&#8221; use_border_color=&#8221;off&#8221; border_color=&#8221;#ffffff&#8221; border_style=&#8221;solid&#8221;]<\/p>\n<div style=\"text-align: center!important;\"><a id=\"nld\" href=\"\/commissie\/\">NLD<\/a><a id=\"pap\" href=\"\/pa\/commissie\/\">PAP<\/a><a id=\"esp\" href=\"\/es\/commissie\/\">ESP<\/a><a id=\"eng\" href=\"\/en\/commissie\/\">ENG<\/a><\/div>\n<p>[\/et_pb_text][et_pb_image admin_label=&#8221;image&#8221; src=&#8221;\/wp-content\/uploads\/sites\/16\/2016\/04\/phone-2.png&#8221; url_new_window=&#8221;off&#8221; animation=&#8221;off&#8221; module_id=&#8221;plaatje&#8221; show_in_lightbox=&#8221;off&#8221; use_overlay=&#8221;off&#8221; sticky=&#8221;off&#8221; align=&#8221;left&#8221; force_fullwidth=&#8221;off&#8221; always_center_on_mobile=&#8221;on&#8221; use_border_color=&#8221;off&#8221; border_color=&#8221;#ffffff&#8221; border_style=&#8221;solid&#8221; disabled=&#8221;off&#8221; disabled_on=&#8221;||off&#8221;] [\/et_pb_image][et_pb_cta admin_label=&#8221;download&#8221; button_url=&#8221;\/pa\/regelgeving&#8221; button_text=&#8221;Mas informashon&#8221; background_color=&#8221;#7387a9&#8243; use_background_color=&#8221;on&#8221; background_layout=&#8221;dark&#8221; text_orientation=&#8221;center&#8221; module_id=&#8221;flyer&#8221; url_new_window=&#8221;off&#8221; use_border_color=&#8221;off&#8221; border_color=&#8221;#ffffff&#8221; border_style=&#8221;solid&#8221; custom_button=&#8221;off&#8221; button_letter_spacing=&#8221;0&#8243; button_use_icon=&#8221;default&#8221; button_icon_placement=&#8221;right&#8221; button_on_hover=&#8221;on&#8221; button_letter_spacing_hover=&#8221;0&#8243;]<\/p>\n<p style=\"text-align: center;\"><a href=\"\/wp-content\/uploads\/sites\/16\/2016\/07\/2249_MinJus_Arrestantenzorg_Folder_A4.pdf\" target=\"_blank\"><img loading=\"lazy\" decoding=\"async\" class=\"wp-image-308 aligncenter\" src=\"\/wp-content\/uploads\/sites\/16\/2016\/07\/Brochure-CTA-CW-7jul16.jpg\" alt=\"Brochure CTA-CW 7jul16\" width=\"94\" height=\"134\" \/><\/a> <a href=\"\/wp-content\/uploads\/sites\/16\/2016\/07\/2249_MinJus_Arrestantenzorg_Folder_A4.pdf\" target=\"_blank\">Download foyeto<\/a><\/p>\n<p>[\/et_pb_cta][et_pb_text admin_label=&#8221;niet aanpassen&#8221; background_layout=&#8221;light&#8221; text_orientation=&#8221;left&#8221; use_border_color=&#8221;off&#8221; border_color=&#8221;#ffffff&#8221; border_style=&#8221;solid&#8221; module_id=&#8221;copyright&#8221; disabled=&#8221;off&#8221; disabled_on=&#8221;||on&#8221;]<\/p>\n<p style=\"text-align: justify;\">2016 \u00a9 CTA-CW <img loading=\"lazy\" decoding=\"async\" class=\"alignnone wp-image-98\" src=\"\/wp-content\/uploads\/sites\/16\/2016\/04\/bullet-1.png\" alt=\"bullet\" width=\"9\" height=\"11\" \/> <a href=\"\/pa\/sitemap\/\">Sitemap<\/a><\/p>\n<p>[\/et_pb_text][\/et_pb_column][\/et_pb_row][\/et_pb_section]<\/p>\n","protected":false},"excerpt":{"rendered":"<p>NLDPAPESPENG Komishon Vigilansha riba kuido di arestado Komishon &#8211; CTA CW &#8211; ta vigil\u00e1 si instansianan hudisial manera s\u00e8lnan di polis, baraknan pa ilegal i lug\u00e1nan di alohamentu pa h\u00f3ben i adikto, ta trata su residentenan ku ta ser\u00e1, korektamente. Si esaki no ta e kaso, CTA CW lo m\u00e8ldu Minister di Hustisia p\u2019e por [&hellip;]<\/p>\n","protected":false},"author":6,"featured_media":0,"parent":0,"menu_order":200,"comment_status":"closed","ping_status":"closed","template":"","meta":{"_et_pb_use_builder":"on","_et_pb_old_content":"","_et_gb_content_width":"","footnotes":""},"class_list":["post-480","page","type-page","status-publish","hentry"],"_links":{"self":[{"href":"https:\/\/toezichtarrestantenzorg.cw\/pa\/wp-json\/wp\/v2\/pages\/480","targetHints":{"allow":["GET"]}}],"collection":[{"href":"https:\/\/toezichtarrestantenzorg.cw\/pa\/wp-json\/wp\/v2\/pages"}],"about":[{"href":"https:\/\/toezichtarrestantenzorg.cw\/pa\/wp-json\/wp\/v2\/types\/page"}],"author":[{"embeddable":true,"href":"https:\/\/toezichtarrestantenzorg.cw\/pa\/wp-json\/wp\/v2\/users\/6"}],"replies":[{"embeddable":true,"href":"https:\/\/toezichtarrestantenzorg.cw\/pa\/wp-json\/wp\/v2\/comments?post=480"}],"version-history":[{"count":0,"href":"https:\/\/toezichtarrestantenzorg.cw\/pa\/wp-json\/wp\/v2\/pages\/480\/revisions"}],"wp:attachment":[{"href":"https:\/\/toezichtarrestantenzorg.cw\/pa\/wp-json\/wp\/v2\/media?parent=480"}],"curies":[{"name":"wp","href":"https:\/\/api.w.org\/{rel}","templated":true}]}}

<p>[et_pb_section admin_label=&#8221;section&#8221; background_color=&#8221;#c9e4ed&#8221; inner_shadow=&#8221;off&#8221; parallax=&#8221;off&#8221; module_class=&#8221;row1-commissie&#8221; transparent_background=&#8221;off&#8221; allow_player_pause=&#8221;off&#8221; parallax_method=&#8221;off&#8221; padding_mobile=&#8221;off&#8221; make_fullwidth=&#8221;off&#8221; use_custom_width=&#8221;off&#8221; width_unit=&#8221;on&#8221; make_equal=&#8221;off&#8221; use_custom_gutter=&#8221;off&#8221;][et_pb_row admin_label=&#8221;Row&#8221;][et_pb_column type=&#8221;4_4&#8243;][et_pb_text admin_label=&#8221;Taalkeuze-mobiel&#8221; background_layout=&#8221;light&#8221; text_orientation=&#8221;left&#8221; module_id=&#8221;naw-mobile&#8221; disabled=&#8221;off&#8221; disabled_on=&#8221;||on&#8221; use_border_color=&#8221;off&#8221; border_color=&#8221;#ffffff&#8221; border_style=&#8221;solid&#8221;]</p>
<div style="text-align: center!important;"><a id="nld" href="/commissie/">NLD</a><a id="pap" href="/pa/commissie/">PAP</a><a id="esp" href="/es/commissie/">ESP</a><a id="eng" href="/en/commissie/">ENG</a></div>
<p>[/et_pb_text][/et_pb_column][/et_pb_row][et_pb_row admin_label=&#8221;row&#8221;][et_pb_column type=&#8221;2_3&#8243;][et_pb_text admin_label=&#8221;Basistekst&#8221; background_layout=&#8221;light&#8221; text_orientation=&#8221;left&#8221; module_id=&#8221;pa&#8221; use_border_color=&#8221;off&#8221; border_color=&#8221;#ffffff&#8221; border_style=&#8221;solid&#8221;]</p>
<h1>Komishon Vigilansha riba kuido di arestado</h1>
<p>Komishon &#8211; CTA CW &#8211; ta vigilá si instansianan hudisial manera sèlnan di polis, baraknan pa ilegal i lugánan di alohamentu pa hóben i adikto, ta trata su residentenan ku ta será, korektamente.<br />
Si esaki no ta e kaso, CTA CW lo mèldu Minister di Hustisia p’e por tuma medidanan di mehorashon.<br />
Alabes e Komishon ta vigilá si e medidanan ta keda ehekutá. CTA CW ta sigui den esaki norma i reglanan estrikto manera ta stipulá den nos leinan lokal i den tratadonan internashonal.<br />
CTA CW ta independiente. No por ehersé influensia riba e komishon ni por strob’e di ehersé su tarea.</p>
<p>E Komishon ta konsistí di:</p>
<ul>
<li>Señor mr. F.M. Hanze (presidente)</li>
<li>Señor R.T. Meulens MBA</li>
<li>Señor ir. A.R.B. Troeman MBA</li>
<li>Señora L.E. Tielen-Martes MSc ( sekretario)</li>
</ul>
<p>Nan ta nombrá pa un periodo di 3 aña i por keda nombrá di nobo dor di Minister di Hustisia.</p>
<p>[/et_pb_text][et_pb_text admin_label=&#8221;Links&#8221; background_layout=&#8221;light&#8221; text_orientation=&#8221;left&#8221; module_id=&#8221;pa2&#8243; use_border_color=&#8221;off&#8221; border_color=&#8221;#ffffff&#8221; border_style=&#8221;solid&#8221;]</p>
<h2>Dokumento</h2>
<ul>
<li><a href="/wp-content/uploads/sites/16/2016/04/Landsbesluit-Monitoringscommissie_CommissieMonitoringEnToezichtPolitiecellenCuracao23jan1025_no14_3152.pdf" target="_blank">Landsbesluit Instelling Commissie</a></li>
<li><a href="/wp-content/uploads/sites/16/2016/08/Gedragscode-CTA-CW_0203161.pdf" target="_blank">Gedragscode</a></li>
<li><a href="/wp-content/uploads/sites/16/2016/08/Reglement-en-Werkwijze-CTA-CW-5jul161.pdf" target="_blank">Reglement en Werkwijze</a></li>
<li><a href="/wp-content/uploads/sites/16/2016/07/2249_MinJus_Arrestantenzorg_Folder_A4.pdf" target="_blank">Brochure</a></li>
</ul>
<h2>Links</h2>
<p><a href="http://www.commissievantoezicht.nl/" target="_blank">    </a><a href="http://www.commissievantoezicht.nl/" target="_blank"><img loading="lazy" decoding="async" class="alignnone wp-image-705" src="/wp-content/uploads/sites/16/2016/04/commissievantoezichtkenniscentrum.png" alt="commissie van toezicht kenniscentrum" width="300" height="41" srcset="https://toezichtarrestantenzorg.cw/wp-content/uploads/sites/16/2016/04/commissievantoezichtkenniscentrum.png 440w, https://toezichtarrestantenzorg.cw/wp-content/uploads/sites/16/2016/04/commissievantoezichtkenniscentrum-300x41.png 300w" sizes="(max-width: 300px) 100vw, 300px" /></a></p>
<p><a href="http://www.toezichtarrestantenzorg.nl/" target="_blank"><img loading="lazy" decoding="async" class="alignnone wp-image-706" src="/wp-content/uploads/sites/16/2016/04/commissievantoezichtarrestantenzorg.png" alt="commissievantoezichtarrestantenzorg" width="300" height="51" srcset="https://toezichtarrestantenzorg.cw/wp-content/uploads/sites/16/2016/04/commissievantoezichtarrestantenzorg.png 340w, https://toezichtarrestantenzorg.cw/wp-content/uploads/sites/16/2016/04/commissievantoezichtarrestantenzorg-300x51.png 300w" sizes="(max-width: 300px) 100vw, 300px" /></a></p>
<p>[/et_pb_text][et_pb_text admin_label=&#8221;niet aanpassen&#8221; background_layout=&#8221;light&#8221; text_orientation=&#8221;left&#8221; use_border_color=&#8221;off&#8221; border_color=&#8221;#ffffff&#8221; border_style=&#8221;solid&#8221; module_id=&#8221;copyright&#8221; disabled=&#8221;off&#8221; disabled_on=&#8221;on|on|&#8221;]</p>
<p style="text-align: justify;">2016 © CTA-CW <img loading="lazy" decoding="async" class="alignnone wp-image-98" src="/wp-content/uploads/sites/16/2016/04/bullet-1.png" alt="bullet" width="9" height="11" /> <a href="/pa/sitemap/">Sitemap</a></p>
<p>[/et_pb_text][/et_pb_column][et_pb_column type=&#8221;1_3&#8243;][et_pb_image admin_label=&#8221;logo&#8221; src=&#8221;/wp-content/uploads/sites/16/2016/05/Logo_Arrestantenzorg.jpg&#8221; url_new_window=&#8221;off&#8221; animation=&#8221;off&#8221; module_id=&#8221;plaatje&#8221; show_in_lightbox=&#8221;off&#8221; use_overlay=&#8221;off&#8221; sticky=&#8221;off&#8221; align=&#8221;left&#8221; force_fullwidth=&#8221;off&#8221; always_center_on_mobile=&#8221;on&#8221; use_border_color=&#8221;off&#8221; border_color=&#8221;#ffffff&#8221; border_style=&#8221;solid&#8221; disabled=&#8221;off&#8221; disabled_on=&#8221;on|on|off&#8221;] [/et_pb_image][et_pb_text admin_label=&#8221;Taalkeuze-desktop&#8221; background_layout=&#8221;light&#8221; text_orientation=&#8221;left&#8221; module_id=&#8221;naw&#8221; disabled=&#8221;off&#8221; disabled_on=&#8221;on|on|&#8221; use_border_color=&#8221;off&#8221; border_color=&#8221;#ffffff&#8221; border_style=&#8221;solid&#8221;]</p>
<div style="text-align: center!important;"><a id="nld" href="/commissie/">NLD</a><a id="pap" href="/pa/commissie/">PAP</a><a id="esp" href="/es/commissie/">ESP</a><a id="eng" href="/en/commissie/">ENG</a></div>
<p>[/et_pb_text][et_pb_image admin_label=&#8221;image&#8221; src=&#8221;/wp-content/uploads/sites/16/2016/04/phone-2.png&#8221; url_new_window=&#8221;off&#8221; animation=&#8221;off&#8221; module_id=&#8221;plaatje&#8221; show_in_lightbox=&#8221;off&#8221; use_overlay=&#8221;off&#8221; sticky=&#8221;off&#8221; align=&#8221;left&#8221; force_fullwidth=&#8221;off&#8221; always_center_on_mobile=&#8221;on&#8221; use_border_color=&#8221;off&#8221; border_color=&#8221;#ffffff&#8221; border_style=&#8221;solid&#8221; disabled=&#8221;off&#8221; disabled_on=&#8221;||off&#8221;] [/et_pb_image][et_pb_cta admin_label=&#8221;download&#8221; button_url=&#8221;/pa/regelgeving&#8221; button_text=&#8221;Mas informashon&#8221; background_color=&#8221;#7387a9&#8243; use_background_color=&#8221;on&#8221; background_layout=&#8221;dark&#8221; text_orientation=&#8221;center&#8221; module_id=&#8221;flyer&#8221; url_new_window=&#8221;off&#8221; use_border_color=&#8221;off&#8221; border_color=&#8221;#ffffff&#8221; border_style=&#8221;solid&#8221; custom_button=&#8221;off&#8221; button_letter_spacing=&#8221;0&#8243; button_use_icon=&#8221;default&#8221; button_icon_placement=&#8221;right&#8221; button_on_hover=&#8221;on&#8221; button_letter_spacing_hover=&#8221;0&#8243;]</p>
<p style="text-align: center;"><a href="/wp-content/uploads/sites/16/2016/07/2249_MinJus_Arrestantenzorg_Folder_A4.pdf" target="_blank"><img loading="lazy" decoding="async" class="wp-image-308 aligncenter" src="/wp-content/uploads/sites/16/2016/07/Brochure-CTA-CW-7jul16.jpg" alt="Brochure CTA-CW 7jul16" width="94" height="134" /></a> <a href="/wp-content/uploads/sites/16/2016/07/2249_MinJus_Arrestantenzorg_Folder_A4.pdf" target="_blank">Download foyeto</a></p>
<p>[/et_pb_cta][et_pb_text admin_label=&#8221;niet aanpassen&#8221; background_layout=&#8221;light&#8221; text_orientation=&#8221;left&#8221; use_border_color=&#8221;off&#8221; border_color=&#8221;#ffffff&#8221; border_style=&#8221;solid&#8221; module_id=&#8221;copyright&#8221; disabled=&#8221;off&#8221; disabled_on=&#8221;||on&#8221;]</p>
<p style="text-align: justify;">2016 © CTA-CW <img loading="lazy" decoding="async" class="alignnone wp-image-98" src="/wp-content/uploads/sites/16/2016/04/bullet-1.png" alt="bullet" width="9" height="11" /> <a href="/pa/sitemap/">Sitemap</a></p>
<p>[/et_pb_text][/et_pb_column][/et_pb_row][/et_pb_section]</p>

<p>NLDPAPESPENG Komishon Vigilansha riba kuido di arestado Komishon &#8211; CTA CW &#8211; ta vigilá si instansianan hudisial manera sèlnan di polis, baraknan pa ilegal i lugánan di alohamentu pa hóben i adikto, ta trata su residentenan ku ta será, korektamente. Si esaki no ta e kaso, CTA CW lo mèldu Minister di Hustisia p’e por [&hellip;]</p>
