{"id":229,"date":"2016-04-20T14:08:37","date_gmt":"2016-04-20T14:08:37","guid":{"rendered":"http:\/\/commissietoezichtarrestantenzorg.wordpress.suares.com\/pa\/home\/"},"modified":"2017-02-03T14:58:28","modified_gmt":"2017-02-03T14:58:28","slug":"home","status":"publish","type":"page","link":"https:\/\/toezichtarrestantenzorg.cw\/pa\/","title":{"rendered":"Home"},"content":{"rendered":"<p>[et_pb_section admin_label=&#8221;section&#8221; background_color=&#8221;#c9e4ed&#8221; inner_shadow=&#8221;off&#8221; parallax=&#8221;off&#8221; module_class=&#8221;row1-commissie&#8221; transparent_background=&#8221;off&#8221; allow_player_pause=&#8221;off&#8221; parallax_method=&#8221;off&#8221; padding_mobile=&#8221;off&#8221; make_fullwidth=&#8221;off&#8221; use_custom_width=&#8221;off&#8221; width_unit=&#8221;on&#8221; make_equal=&#8221;off&#8221; use_custom_gutter=&#8221;off&#8221;][et_pb_row admin_label=&#8221;Row&#8221;][et_pb_column type=&#8221;4_4&#8243;][et_pb_text admin_label=&#8221;Taalkeuze-mobiel&#8221; background_layout=&#8221;light&#8221; text_orientation=&#8221;left&#8221; module_id=&#8221;naw-mobile&#8221; disabled=&#8221;off&#8221; disabled_on=&#8221;||on&#8221; use_border_color=&#8221;off&#8221; border_color=&#8221;#ffffff&#8221; border_style=&#8221;solid&#8221;]<\/p>\n<div style=\"text-align: center!important\"><a id=\"nld\" href=\"\/\">NLD<\/a><a id=\"pap\" href=\"\/pa\">PAP<\/a><a id=\"esp\" href=\"\/es\">ESP<\/a><a id=\"eng\" href=\"\/en\">ENG<\/a><\/div>\n<p>[\/et_pb_text][\/et_pb_column][\/et_pb_row][et_pb_row admin_label=&#8221;row&#8221;][et_pb_column type=&#8221;2_3&#8243;][et_pb_text admin_label=&#8221;Basistekst&#8221; background_layout=&#8221;light&#8221; text_orientation=&#8221;left&#8221; module_id=&#8221;pa&#8221; use_border_color=&#8221;off&#8221; border_color=&#8221;#ffffff&#8221; border_style=&#8221;solid&#8221;]<\/p>\n<h1>Vigilansha riba kuido di arestado<\/h1>\n<p>E persona ku keda arest\u00e1 tin na tur momento derechi riba:<\/p>\n<ul>\n<li>un lug\u00e1 di keda adeku\u00e1 i sigur<\/li>\n<li>sufisiente awa pa bebe<\/li>\n<li>sufisiente kuminda<\/li>\n<li>akseso na fasilidatnan sanitario<\/li>\n<li>asistensia hur\u00eddiko<\/li>\n<li>kuido m\u00e9diko<\/li>\n<li>protekshon kontra maltrato f\u00edsiko i mental<\/li>\n<\/ul>\n<p>E Komishon di Vigilansia di Arestado &#8211; CTA CW &#8211; ta vigil\u00e1 si e arestado ta risib\u00ed un trato korekto.<\/p>\n<p>Kada ken ku ta di opinion ku na su detenshon, transporte \u00f2f ora a keda enkarsel\u00e1 no a keda trat\u00e1 korektamente, por entrega un keho.<\/p>\n<p>Pa esaki, CTA CW a estables\u00e9 un prosedura di keho. E komishon lo investig\u00e1 e keho i si esaki ta hustifik\u00e1, e ta konseh\u00e1 Minister di Hustisia tuma medida pa evit\u00e1 ripitishon.<\/p>\n<p>[\/et_pb_text][et_pb_text admin_label=&#8221;Links&#8221; background_layout=&#8221;light&#8221; text_orientation=&#8221;left&#8221; module_id=&#8221;pa2&#8243; use_border_color=&#8221;off&#8221; border_color=&#8221;#ffffff&#8221; border_style=&#8221;solid&#8221;]<\/p>\n<h2>Mas informashon<\/h2>\n<ul>\n<li><a href=\"\/pa\/commissie\/\">Lesa mas tokante e Komishon<\/a><\/li>\n<li><a href=\"\/pa\/klachten\/\" rel=\"\">Lesa mas tokante e prosedura di keho<\/a><\/li>\n<li><a href=\"\/pa\/contact\/\">Tuma kontakto ku e Komishon<\/a><\/li>\n<\/ul>\n<p>[\/et_pb_text][et_pb_text admin_label=&#8221;niet aanpassen&#8221; background_layout=&#8221;light&#8221; text_orientation=&#8221;left&#8221; use_border_color=&#8221;off&#8221; border_color=&#8221;#ffffff&#8221; border_style=&#8221;solid&#8221; module_id=&#8221;copyright&#8221; disabled=&#8221;off&#8221; disabled_on=&#8221;on|on|&#8221;]<\/p>\n<p style=\"text-align: justify\">2016 \u00a9 CTA-CW <img loading=\"lazy\" decoding=\"async\" class=\"alignnone wp-image-98\" src=\"\/wp-content\/uploads\/sites\/16\/2016\/04\/bullet-1.png\" alt=\"bullet\" width=\"9\" height=\"11\" \/> <a href=\"\/pa\/sitemap\/\">Sitemap<\/a><\/p>\n<p>[\/et_pb_text][\/et_pb_column][et_pb_column type=&#8221;1_3&#8243;][et_pb_image admin_label=&#8221;logo&#8221; src=&#8221;\/wp-content\/uploads\/sites\/16\/2016\/05\/Logo_Arrestantenzorg.jpg&#8221; url_new_window=&#8221;off&#8221; animation=&#8221;off&#8221; module_id=&#8221;plaatje&#8221; show_in_lightbox=&#8221;off&#8221; use_overlay=&#8221;off&#8221; sticky=&#8221;off&#8221; align=&#8221;left&#8221; force_fullwidth=&#8221;off&#8221; always_center_on_mobile=&#8221;on&#8221; use_border_color=&#8221;off&#8221; border_color=&#8221;#ffffff&#8221; border_style=&#8221;solid&#8221; disabled=&#8221;off&#8221; disabled_on=&#8221;on|on|off&#8221;] [\/et_pb_image][et_pb_text admin_label=&#8221;Taalkeuze-desktop&#8221; background_layout=&#8221;light&#8221; text_orientation=&#8221;left&#8221; module_id=&#8221;naw&#8221; disabled=&#8221;off&#8221; disabled_on=&#8221;on|on|&#8221; use_border_color=&#8221;off&#8221; border_color=&#8221;#ffffff&#8221; border_style=&#8221;solid&#8221;]<\/p>\n<div style=\"text-align: center!important\"><a id=\"nld\" href=\"\/\">NLD<\/a><a id=\"pap\" href=\"\/pa\">PAP<\/a><a id=\"esp\" href=\"\/es\">ESP<\/a><a id=\"eng\" href=\"\/en\">ENG<\/a><\/div>\n<p>[\/et_pb_text][et_pb_image admin_label=&#8221;image&#8221; src=&#8221;\/wp-content\/uploads\/sites\/16\/2016\/04\/tralies-2.png&#8221; url_new_window=&#8221;off&#8221; animation=&#8221;off&#8221; module_id=&#8221;plaatje&#8221; show_in_lightbox=&#8221;off&#8221; use_overlay=&#8221;off&#8221; sticky=&#8221;off&#8221; align=&#8221;left&#8221; force_fullwidth=&#8221;off&#8221; always_center_on_mobile=&#8221;on&#8221; use_border_color=&#8221;off&#8221; border_color=&#8221;#ffffff&#8221; border_style=&#8221;solid&#8221; disabled=&#8221;off&#8221; disabled_on=&#8221;||off&#8221;] [\/et_pb_image][et_pb_cta admin_label=&#8221;download&#8221; button_url=&#8221;\/pa\/regelgeving&#8221; button_text=&#8221;Mas informashon&#8221; background_color=&#8221;#7387a9&#8243; use_background_color=&#8221;on&#8221; background_layout=&#8221;dark&#8221; text_orientation=&#8221;center&#8221; module_id=&#8221;flyer&#8221; url_new_window=&#8221;off&#8221; use_border_color=&#8221;off&#8221; border_color=&#8221;#ffffff&#8221; border_style=&#8221;solid&#8221; custom_button=&#8221;off&#8221; button_letter_spacing=&#8221;0&#8243; button_use_icon=&#8221;default&#8221; button_icon_placement=&#8221;right&#8221; button_on_hover=&#8221;on&#8221; button_letter_spacing_hover=&#8221;0&#8243;]<\/p>\n<p style=\"text-align: center\"><a href=\"\/wp-content\/uploads\/sites\/16\/2016\/07\/2249_MinJus_Arrestantenzorg_Folder_A4.pdf\" target=\"_blank\"><img loading=\"lazy\" decoding=\"async\" class=\"wp-image-308 aligncenter\" src=\"\/wp-content\/uploads\/sites\/16\/2016\/07\/Brochure-CTA-CW-7jul16.jpg\" alt=\"Brochure CTA-CW 7jul16\" width=\"94\" height=\"134\" \/><\/a> <a href=\"\/wp-content\/uploads\/sites\/16\/2016\/07\/2249_MinJus_Arrestantenzorg_Folder_A4.pdf\" target=\"_blank\">Download foyeto<\/a><\/p>\n<p>[\/et_pb_cta][et_pb_text admin_label=&#8221;niet aanpassen&#8221; background_layout=&#8221;light&#8221; text_orientation=&#8221;left&#8221; use_border_color=&#8221;off&#8221; border_color=&#8221;#ffffff&#8221; border_style=&#8221;solid&#8221; module_id=&#8221;copyright&#8221; disabled=&#8221;off&#8221; disabled_on=&#8221;||on&#8221;]<\/p>\n<p style=\"text-align: justify\">2016 \u00a9 CTA-CW <img loading=\"lazy\" decoding=\"async\" class=\"alignnone wp-image-98\" src=\"\/wp-content\/uploads\/sites\/16\/2016\/04\/bullet-1.png\" alt=\"bullet\" width=\"9\" height=\"11\" \/> <a href=\"\/pa\/sitemap\/\">Sitemap<\/a><\/p>\n<p>[\/et_pb_text][\/et_pb_column][\/et_pb_row][\/et_pb_section]<\/p>\n","protected":false},"excerpt":{"rendered":"<p>NLDPAPESPENG Vigilansha riba kuido di arestado E persona ku keda arest\u00e1 tin na tur momento derechi riba: un lug\u00e1 di keda adeku\u00e1 i sigur sufisiente awa pa bebe sufisiente kuminda akseso na fasilidatnan sanitario asistensia hur\u00eddiko kuido m\u00e9diko protekshon kontra maltrato f\u00edsiko i mental E Komishon di Vigilansia di Arestado &#8211; CTA CW &#8211; ta [&hellip;]<\/p>\n","protected":false},"author":6,"featured_media":0,"parent":0,"menu_order":100,"comment_status":"closed","ping_status":"closed","template":"","meta":{"_et_pb_use_builder":"on","_et_pb_old_content":"","_et_gb_content_width":"","footnotes":""},"class_list":["post-229","page","type-page","status-publish","hentry"],"_links":{"self":[{"href":"https:\/\/toezichtarrestantenzorg.cw\/pa\/wp-json\/wp\/v2\/pages\/229","targetHints":{"allow":["GET"]}}],"collection":[{"href":"https:\/\/toezichtarrestantenzorg.cw\/pa\/wp-json\/wp\/v2\/pages"}],"about":[{"href":"https:\/\/toezichtarrestantenzorg.cw\/pa\/wp-json\/wp\/v2\/types\/page"}],"author":[{"embeddable":true,"href":"https:\/\/toezichtarrestantenzorg.cw\/pa\/wp-json\/wp\/v2\/users\/6"}],"replies":[{"embeddable":true,"href":"https:\/\/toezichtarrestantenzorg.cw\/pa\/wp-json\/wp\/v2\/comments?post=229"}],"version-history":[{"count":0,"href":"https:\/\/toezichtarrestantenzorg.cw\/pa\/wp-json\/wp\/v2\/pages\/229\/revisions"}],"wp:attachment":[{"href":"https:\/\/toezichtarrestantenzorg.cw\/pa\/wp-json\/wp\/v2\/media?parent=229"}],"curies":[{"name":"wp","href":"https:\/\/api.w.org\/{rel}","templated":true}]}}

<p>[et_pb_section admin_label=&#8221;section&#8221; background_color=&#8221;#c9e4ed&#8221; inner_shadow=&#8221;off&#8221; parallax=&#8221;off&#8221; module_class=&#8221;row1-commissie&#8221; transparent_background=&#8221;off&#8221; allow_player_pause=&#8221;off&#8221; parallax_method=&#8221;off&#8221; padding_mobile=&#8221;off&#8221; make_fullwidth=&#8221;off&#8221; use_custom_width=&#8221;off&#8221; width_unit=&#8221;on&#8221; make_equal=&#8221;off&#8221; use_custom_gutter=&#8221;off&#8221;][et_pb_row admin_label=&#8221;Row&#8221;][et_pb_column type=&#8221;4_4&#8243;][et_pb_text admin_label=&#8221;Taalkeuze-mobiel&#8221; background_layout=&#8221;light&#8221; text_orientation=&#8221;left&#8221; module_id=&#8221;naw-mobile&#8221; disabled=&#8221;off&#8221; disabled_on=&#8221;||on&#8221; use_border_color=&#8221;off&#8221; border_color=&#8221;#ffffff&#8221; border_style=&#8221;solid&#8221;]</p>
<div style="text-align: center!important"><a id="nld" href="/">NLD</a><a id="pap" href="/pa">PAP</a><a id="esp" href="/es">ESP</a><a id="eng" href="/en">ENG</a></div>
<p>[/et_pb_text][/et_pb_column][/et_pb_row][et_pb_row admin_label=&#8221;row&#8221;][et_pb_column type=&#8221;2_3&#8243;][et_pb_text admin_label=&#8221;Basistekst&#8221; background_layout=&#8221;light&#8221; text_orientation=&#8221;left&#8221; module_id=&#8221;pa&#8221; use_border_color=&#8221;off&#8221; border_color=&#8221;#ffffff&#8221; border_style=&#8221;solid&#8221;]</p>
<h1>Vigilansha riba kuido di arestado</h1>
<p>E persona ku keda arestá tin na tur momento derechi riba:</p>
<ul>
<li>un lugá di keda adekuá i sigur</li>
<li>sufisiente awa pa bebe</li>
<li>sufisiente kuminda</li>
<li>akseso na fasilidatnan sanitario</li>
<li>asistensia hurídiko</li>
<li>kuido médiko</li>
<li>protekshon kontra maltrato físiko i mental</li>
</ul>
<p>E Komishon di Vigilansia di Arestado &#8211; CTA CW &#8211; ta vigilá si e arestado ta risibí un trato korekto.</p>
<p>Kada ken ku ta di opinion ku na su detenshon, transporte òf ora a keda enkarselá no a keda tratá korektamente, por entrega un keho.</p>
<p>Pa esaki, CTA CW a establesé un prosedura di keho. E komishon lo investigá e keho i si esaki ta hustifiká, e ta konsehá Minister di Hustisia tuma medida pa evitá ripitishon.</p>
<p>[/et_pb_text][et_pb_text admin_label=&#8221;Links&#8221; background_layout=&#8221;light&#8221; text_orientation=&#8221;left&#8221; module_id=&#8221;pa2&#8243; use_border_color=&#8221;off&#8221; border_color=&#8221;#ffffff&#8221; border_style=&#8221;solid&#8221;]</p>
<h2>Mas informashon</h2>
<ul>
<li><a href="/pa/commissie/">Lesa mas tokante e Komishon</a></li>
<li><a href="/pa/klachten/" rel="">Lesa mas tokante e prosedura di keho</a></li>
<li><a href="/pa/contact/">Tuma kontakto ku e Komishon</a></li>
</ul>
<p>[/et_pb_text][et_pb_text admin_label=&#8221;niet aanpassen&#8221; background_layout=&#8221;light&#8221; text_orientation=&#8221;left&#8221; use_border_color=&#8221;off&#8221; border_color=&#8221;#ffffff&#8221; border_style=&#8221;solid&#8221; module_id=&#8221;copyright&#8221; disabled=&#8221;off&#8221; disabled_on=&#8221;on|on|&#8221;]</p>
<p style="text-align: justify">2016 © CTA-CW <img loading="lazy" decoding="async" class="alignnone wp-image-98" src="/wp-content/uploads/sites/16/2016/04/bullet-1.png" alt="bullet" width="9" height="11" /> <a href="/pa/sitemap/">Sitemap</a></p>
<p>[/et_pb_text][/et_pb_column][et_pb_column type=&#8221;1_3&#8243;][et_pb_image admin_label=&#8221;logo&#8221; src=&#8221;/wp-content/uploads/sites/16/2016/05/Logo_Arrestantenzorg.jpg&#8221; url_new_window=&#8221;off&#8221; animation=&#8221;off&#8221; module_id=&#8221;plaatje&#8221; show_in_lightbox=&#8221;off&#8221; use_overlay=&#8221;off&#8221; sticky=&#8221;off&#8221; align=&#8221;left&#8221; force_fullwidth=&#8221;off&#8221; always_center_on_mobile=&#8221;on&#8221; use_border_color=&#8221;off&#8221; border_color=&#8221;#ffffff&#8221; border_style=&#8221;solid&#8221; disabled=&#8221;off&#8221; disabled_on=&#8221;on|on|off&#8221;] [/et_pb_image][et_pb_text admin_label=&#8221;Taalkeuze-desktop&#8221; background_layout=&#8221;light&#8221; text_orientation=&#8221;left&#8221; module_id=&#8221;naw&#8221; disabled=&#8221;off&#8221; disabled_on=&#8221;on|on|&#8221; use_border_color=&#8221;off&#8221; border_color=&#8221;#ffffff&#8221; border_style=&#8221;solid&#8221;]</p>
<div style="text-align: center!important"><a id="nld" href="/">NLD</a><a id="pap" href="/pa">PAP</a><a id="esp" href="/es">ESP</a><a id="eng" href="/en">ENG</a></div>
<p>[/et_pb_text][et_pb_image admin_label=&#8221;image&#8221; src=&#8221;/wp-content/uploads/sites/16/2016/04/tralies-2.png&#8221; url_new_window=&#8221;off&#8221; animation=&#8221;off&#8221; module_id=&#8221;plaatje&#8221; show_in_lightbox=&#8221;off&#8221; use_overlay=&#8221;off&#8221; sticky=&#8221;off&#8221; align=&#8221;left&#8221; force_fullwidth=&#8221;off&#8221; always_center_on_mobile=&#8221;on&#8221; use_border_color=&#8221;off&#8221; border_color=&#8221;#ffffff&#8221; border_style=&#8221;solid&#8221; disabled=&#8221;off&#8221; disabled_on=&#8221;||off&#8221;] [/et_pb_image][et_pb_cta admin_label=&#8221;download&#8221; button_url=&#8221;/pa/regelgeving&#8221; button_text=&#8221;Mas informashon&#8221; background_color=&#8221;#7387a9&#8243; use_background_color=&#8221;on&#8221; background_layout=&#8221;dark&#8221; text_orientation=&#8221;center&#8221; module_id=&#8221;flyer&#8221; url_new_window=&#8221;off&#8221; use_border_color=&#8221;off&#8221; border_color=&#8221;#ffffff&#8221; border_style=&#8221;solid&#8221; custom_button=&#8221;off&#8221; button_letter_spacing=&#8221;0&#8243; button_use_icon=&#8221;default&#8221; button_icon_placement=&#8221;right&#8221; button_on_hover=&#8221;on&#8221; button_letter_spacing_hover=&#8221;0&#8243;]</p>
<p style="text-align: center"><a href="/wp-content/uploads/sites/16/2016/07/2249_MinJus_Arrestantenzorg_Folder_A4.pdf" target="_blank"><img loading="lazy" decoding="async" class="wp-image-308 aligncenter" src="/wp-content/uploads/sites/16/2016/07/Brochure-CTA-CW-7jul16.jpg" alt="Brochure CTA-CW 7jul16" width="94" height="134" /></a> <a href="/wp-content/uploads/sites/16/2016/07/2249_MinJus_Arrestantenzorg_Folder_A4.pdf" target="_blank">Download foyeto</a></p>
<p>[/et_pb_cta][et_pb_text admin_label=&#8221;niet aanpassen&#8221; background_layout=&#8221;light&#8221; text_orientation=&#8221;left&#8221; use_border_color=&#8221;off&#8221; border_color=&#8221;#ffffff&#8221; border_style=&#8221;solid&#8221; module_id=&#8221;copyright&#8221; disabled=&#8221;off&#8221; disabled_on=&#8221;||on&#8221;]</p>
<p style="text-align: justify">2016 © CTA-CW <img loading="lazy" decoding="async" class="alignnone wp-image-98" src="/wp-content/uploads/sites/16/2016/04/bullet-1.png" alt="bullet" width="9" height="11" /> <a href="/pa/sitemap/">Sitemap</a></p>
<p>[/et_pb_text][/et_pb_column][/et_pb_row][/et_pb_section]</p>

<p>NLDPAPESPENG Vigilansha riba kuido di arestado E persona ku keda arestá tin na tur momento derechi riba: un lugá di keda adekuá i sigur sufisiente awa pa bebe sufisiente kuminda akseso na fasilidatnan sanitario asistensia hurídiko kuido médiko protekshon kontra maltrato físiko i mental E Komishon di Vigilansia di Arestado &#8211; CTA CW &#8211; ta [&hellip;]</p>
